when 8523427 is divided by 16391.
107
Calculate the remainder when 26820006 is divided by 185.
1
Calculate the remainder when 16549 is divided by 1782.
511
What is the remainder when 2965466 is divided by 128933?
7
What is the remainder when 155956829 is divided by 4213?
4208
What is the remainder when 109545 is divided by 21883?
130
What is the remainder when 309359120 is divided by 257?
253
Calculate the remainder when 918764 is divided by 892.
4
Calculate the remainder when 108207 is divided by 693.
99
Calculate the remainder when 62584 is divided by 14272.
5496
Calculate the remainder when 574090 is divided by 19.
5
Calculate the remainder when 1360394 is divided by 20612.
2
What is the remainder when 38911856 is divided by 4?
0
Calculate the remainder when 44319644 is divided by 527.
525
What is the remainder when 147734228 is divided by 44945?
13
What is the remainder when 4390913 is divided by 70?
23
Calculate the remainder when 872467 is divided by 381.
358
What is the remainder when 390846 is divided by 911?
27
Calculate the remainder when 21000928 is divided by 1515.
1513
Calculate the remainder when 101419 is divided by 7435.
4764
What is the remainder when 177581 is divided by 515?
421
Calculate the remainder when 17180525 is divided by 343.
341
What is the remainder when 213736 is divided by 1665?
616
What is the remainder when 30449244 is divided by 597044?
0
What is the remainder when 91663 is divided by 2182?
19
Calculate the remainder when 1417965 is divided by 708961.
43
Calculate the remainder when 573277 is divided by 20.
17
What is the remainder when 397290 is divided by 421?
287
What is the remainder when 75426040 is divided by 2958?
2956
What is the remainder when 2931579 is divided by 3888?
27
What is the remainder when 3058605 is divided by 764567?
337
What is the remainder when 25669738 is divided by 24?
10
Calculate the remainder when 167271 is divided by 55.
16
What is the remainder when 2387489 is divided by 625?
614
What is the remainder when 1145421 is divided by 136?
29
What is the remainder when 5831570 is divided by 33?
8
What is the remainder when 2135843 is divided by 3124?
2151
Calculate the remainder when 699584 is divided by 303.
260
What is the remainder when 4339995 is divided by 1010?
25
Calculate the remainder when 5564854 is divided by 397489.
8
What is the remainder when 821687 is divided by 205358?
255
Calculate the remainder when 105076 is divided by 1597.
1271
Calculate the remainder when 7150578 is divided by 476701.
63
What is the remainder when 37403154 is divided by 265?
259
What is the remainder when 3026003 is divided by 136?
3
What is the remainder when 998638 is divided by 36?
34
Calculate the remainder when 1068493 is divided by 19033.
2645
Calculate the remainder when 15422477 is divided by 1102.
1089
What is the remainder when 206816 is divided by 12165?
11
Calculate the remainder when 1222783 is divided by 305622.
295
Calculate the remainder when 674010 is divided by 831.
69
What is the remainder when 3419726 is divided by 3419724?
2
Calculate the remainder when 14037 is divided by 278.
137
What is the remainder when 5428 is divided by 5357?
71
Calculate the remainder when 47234464 is divided by 199301.
127
What is the remainder when 326736 is divided by 151?
123
Calculate the remainder when 217483 is divided by 54007.
1455
What is the remainder when 4735076 is divided by 60?
56
What is the remainder when 14112 is divided by 403?
7
What is the remainder when 1634484 is divided by 1634349?
135
What is the remainder when 164379 is divided by 13679?
231
Calculate the remainder when 11460190 is divided by 48.
46
Calculate the remainder when 1345334 is divided by 285.
134
Calculate the remainder when 12855222 is divided by 726.
666
Calculate the remainder when 393045 is divided by 234.
159
Calculate the remainder when 142498176 is divided by 1373.
1371
What is the remainder when 161228519 is divided by 101?
98
Calculate the remainder when 39463226 is divided by 27.
26
Calculate the remainder when 1120083 is divided by 2932.
59
Calculate the remainder when 57105 is divided by 1433.
1218
What is the remainder when 221342 is divided by 640?
542
Calculate the remainder when 6459985 is divided by 5424.
1
Calculate the remainder when 1620059 is divided by 6.
5
What is the remainder when 70831607 is divided by 793?
54
What is the remainder when 4009989 is divided by 102820?
9
Calculate the remainder when 65354 is divided by 9301.
247
Calculate the remainder when 25549440 is divided by 12774719.
2
What is the remainder when 4213138 is divided by 133?
97
Calculate the remainder when 26363908 is divided by 50.
8
Calculate the remainder when 15171616 is divided by 634.
630
What is the remainder when 119031 is divided by 116004?
3027
What is the remainder when 259068 is divided by 840?
348
What is the remainder when 163868 is divided by 2737?
2385
What is the remainder when 231470 is divided by 730?
60
Calculate the remainder when 187592038 is divided by 2219.
2216
Calculate the remainder when 51792 is divided by 41.
9
What is the remainder when 69794 is divided by 2264?
1874
What is the remainder when 547477213 is divided by 8?
5
What is the remainder when 25854378 is divided by 208503?
6
What is the remainder when 199375 is divided by 377?
319
Calculate the remainder when 1621821 is divided by 95400.
21
What is the remainder when 7035028 is divided by 275?
253
What is the remainder when 18801970 is divided by 3133657?
28
Calculate the remainder when 6947508 is divided by 1144.
1140
What is the remainder when 18564023 is divided by 13?
10
What is the remainder when 1917141 is divided by 49157?
18
Calculate the remainder when 11244656 is divided by 33170.
26
What is the remainder when 138820 is divided by 4031?
1766
What is the remainder when 15536226 is divided by 1195094?
4
Calculate the remainder when 212115 is divided by 19277.
68
What is the remainder when 2050619 is divided by 186404?
175
What is the remainder when 52257 is divided by 3166?
1601
Calculate the remainder when 102961 is divided by 837.
10
What is the remainder when 745586 is divided by 27?
8
What is the remainder when 1713855 is divided by 1334?
999
Calculate the remainder when 216391926 is divided by 27.
21
What is the remainder when 60883645 is divided by 150?
145
Calculate the remainder when 25793622 is divided by 17150.
22
Calculate the remainder when 976856 is divided by 88.
56
What is the remainder when 1187916 is divided by 459?
24
What is the remainder when 773311 is divided by 35149?
33
What is the remainder when 1272991 is divided by 1077?
1054
Calculate the remainder when 849650 is divided by 85.
75
What is the remainder when 36595 is divided by 1450?
345
What is the remainder when 325629 is divided by 5007?
174
What is the remainder when 267064 is divided by 214?
206
What is the remainder when 561184 is divided by 1572?
1552
Calculate the remainder when 2192446 is divided by 4368.
4078
What is the remainder when 364825 is divided by 40532?
37
What is the remainder when 1267636 is divided by 867?
82
Calculate the remainder when 106188639 is divided by 6340.
6319
What is the remainder when 29433429 is divided by 53?
38
What is the remainder when 34609 is divided by 11470?
199
Calculate the remainder when 84007 is divided by 10492.
71
What is the remainder when 362871 is divided by 36286?
11
What is the remainder when 1420697 is divided by 10370?
7
Calculate the remainder when 354029 is divided by 23565.
554
Calculate the remainder when 3962910 is divided by 6465.
6330
What is the remainder when 23771525 is divided by 5942878?
13
Calculate the remainder when 665010 is divided by 3360.
3090
What is the remainder when 3178922 is divided by 244?
90
What is the remainder when 1421594 is divided by 157953?
17
Calculate the remainder when 283957 is divided by 2811.
46
Calculate the remainder when 1119788 is divided by 124419.
17
What is the remainder when 321895 is divided by 1798?
53
Calculate the remainder when 5738557 is divided by 3.
1
Calculate the remainder when 39868898 is divided by 987.
20
What is the remainder when 41986678 is divided by 1555062?
4
What is the remainder when 576148 is divided by 64015?
13
What is 